what is 101101110000100001010 + -1?
101101110000100001001
In base 9, what is 3 + 617354?
617357
In base 12, what is 17 - -355?
370
In base 8, what is 114 - -65361?
65475
In base 12, what is a5 + -50?
55
In base 6, what is -3 + -430?
-433
In base 7, what is -142136 - 22?
-142161
In base 12, what is -99 - -886?
7a9
In base 3, what is -100211201111 + 1?
-100211201110
In base 14, what is 5 - -16336?
1633b
In base 11, what is -13 - 3789?
-37a1
In base 2, what is 10010101101 + 100010011?
10111000000
In base 10, what is -20273 - 6?
-20279
In base 6, what is -100222 - 14?
-100240
In base 4, what is -31001 - -13?
-30322
In base 11, what is -26492 + -9?
-264a0
In base 2, what is -100 - -1110011101111?
1110011101011
In base 14, what is 43879a - -5?
4387a1
In base 16, what is 2 + 932f8?
932fa
In base 2, what is -10111 - 1001101110110011?
-1001101111001010
In base 12, what is -2a52 - 3?
-2a55
In base 6, what is 5 + -1405554?
-1405545
In base 16, what is 1f49 - -8?
1f51
In base 10, what is -263 + 41?
-222
In base 11, what is a30 + a6?
1026
In base 12, what is 744 + -22?
722
In base 3, what is 20002 + -1000022101?
-1000002022
In base 7, what is 1250 - 250?
1000
In base 8, what is 2 - -34533?
34535
In base 16, what is -5 - 6f89?
-6f8e
In base 8, what is -6 - -3157241?
3157233
In base 5, what is 1124403 - 10?
1124343
In base 3, what is 0 - -21120002111?
21120002111
In base 13, what is 32 - -61c?
651
In base 3, what is 200201 + 112?
201020
In base 6, what is 541 + 2?
543
In base 2, what is 101 + -10011101111111?
-10011101111010
In base 6, what is 12440011 - -1?
12440012
In base 11, what is 1055a0 + -2?
105599
In base 14, what is 7c + -5a0?
-522
In base 9, what is 265 - 142?
123
In base 2, what is 110100011 - 110?
110011101
In base 15, what is -6 - 2dd3?
-2dd9
In base 9, what is 3117 - -761?
3878
In base 2, what is 111101110001 + -100?
111101101101
In base 16, what is 23 - -7b2?
7d5
In base 15, what is -3 + 382a?
3827
In base 12, what is 570 - 1928?
-1378
In base 3, what is -12 - 11022212102?
-11022212121
In base 14, what is -91 - 174?
-225
In base 5, what is -11 + 2101214?
2101203
In base 12, what is 152ab + 5?
152b4
In base 8, what is 71 - -35?
126
In base 3, what is -1012 - -102200022?
102122010
In base 14, what is 12 + ccb?
cdd
In base 10, what is 197 - -3521?
3718
In base 12, what is 0 + 6a276?
6a276
In base 3, what is 11 + -110010100?
-110010012
In base 3, what is 1 - -2010122222?
2010200000
In base 9, what is -1 + 120365?
120364
In base 9, what is 31 - -6683?
6724
In base 13, what is 2cac1 - 0?
2cac1
In base 2, what is -10100 - 101100101001001?
-101100101011101
In base 9, what is 44 - -153?
207
In base 7, what is -543 + -25104?
-25650
In base 5, what is -330143 + 113?
-330030
In base 11, what is 148a0 + -2?
14899
In base 6, what is 10 + -444422?
-444412
In base 16, what is 1354 - 80?
12d4
In base 8, what is 23307 + 23?
23332
In base 12, what is 52060 - -1?
52061
In base 5, what is -4 + 420322?
420313
In base 8, what is 0 - 30711?
-30711
In base 10, what is -22 + 669?
647
In base 3, what is 2 + -102222020212?
-102222020210
In base 9, what is 1 - -15680?
15681
In base 10, what is 1 - -14110?
14111
In base 6, what is -1101 - -331?
-330
In base 6, what is -4154345 - -3?
-4154342
In base 10, what is -266 - 16?
-282
In base 10, what is -246 + 1075?
829
In base 9, what is 811 - -88?
1010
In base 12, what is -3 + -33384?
-33387
In base 5, what is 21311 - 3040?
13221
In base 3, what is 12 - -2212220201022?
2212220201111
In base 14, what is 3 + 696d?
6972
In base 9, what is 1348 - 3?
1345
In base 14, what is -1 - -17720?
1771d
In base 14, what is -7146 + 4?
-7142
In base 5, what is 123143 + 2132?
130330
In base 12, what is 5 + -4a6559?
-4a6554
In base 3, what is -20011100100 - -120?
-20011022210
In base 11, what is 4186a + -11?
41859
In base 14, what is -625 + 5?
-620
In base 6, what is -2210522 + 0?
-2210522
In base 9, what is -271 - 41?
-322
In base 15, what is 6c5d4 + a?
6c5de
In base 3, what is -10011112011 - 120?
-10011112201
In base 5, what is -10233333 + 0?
-10233333
In base 11, what is -12 - 681?
-693
In base 8, what is 116 + 22052?
22170
In base 14, what is -17c + -1214?
-1392
In base 14, what is -5a6 - 121?
-6c7
In base 2, what is 100001000011 - 10110100?
11110001111
In base 16, what is 4 + -8dbc?
-8db8
In base 6, what is -114032212 - -1?
-114032211
In base 15, what is -3557 - -4?
-3553
In base 9, what is 5 - -88627?
88633
In base 15, what is -7980 - -3?
-797c
In base 9, what is 224478 + 4?
224483
In base 4, what is 321 + 32030?
33011
In base 13, what is -12 - -5109?
50c7
In base 10, what is 136 - 624?
-488
In base 15, what is -5 - -569c5?
569c0
In base 6, what is -13 + -13330?
-13343
In base 15, what is 5 - -9aab?
9ab1
In base 4, what is 3011 + 3332?
13003
In base 5, what is -12341340 + 4?
-12341331
In base 8, what is 350156 - -5?
350163
In base 4, what is -322 + -20301?
-21223
In base 5, what is -4322 + 143?
-4124
In base 7, what is 25615435 + 2?
25615440
In base 13, what is -8 - 3069b?
-306a6
In base 14, what is 62c0 + 4?
62c4
In base 4, what is 10 - 1103200?
-1103130
In base 5, what is 214004 - -1001?
220010
In base 7, what is -32644141 - -1?
-32644140
In base 9, what is -2 + 143445?
143443
In base 4, what is 1 + 2011122003?
2011122010
In base 11, what is 553 + 70?
613
In base 16, what is b8f - 8b?
b04
In base 3, what is -1211 - -2020?
102
In base 2, what is 110110000 - -101?
110110101
In base 7, what is -2 + 5252600?
5252565
In base 10, what is 3 - -9055?
9058
In base 9, what is 174 - 153?
21
In base 15, what is 4 + -228?
-224
In base 4, what is 2122 + 21023?
23211
In base 15, what is -7 - 62920?
-62927
In base 11, what is -21275 + 61?
-21214
In base 8, what is 1461031 + 2?
1461033
In base 5, what is 1 - -3022302?
3022303
In base 4, what is 113103 + -212?
112231
In base 3, what is 10 + 1022201222?
1022202002
In base 8, what is -665 + -146?
-1033
In base 14, what is b + 2ca73?
2ca80
In base 6, what is 3044554 - 3?
3044551
In base 10, what is -18583 - -2?
-18581
In base 2, what is 1100110111 - 10111?
1100100000
In base 15, what is c66a4 - -5?
c66a9
In base 8, what is -100 - 42?
-142
In base 10, what is 52966 - -1?
52967
In base 15, what is -3 + 4ca6?
4ca3
In base 2, what is -10100010 - 10011001?
-100111011
In base 3, what is -100221201 - -12111?
-100202020
In base 12, what is a4 - 4b?
55
In base 10, what is -1181 - 123?
-1304
In base 2, what is 110110111111000010 + 0?
110110111111000010
In base 10, what is 91056 + 6?
91062
In base 9, what is -3 - -3074?
3071
In base 7, what is -511 - -141?
-340
In base 3, what is -112011220 + 20001?
-111221212
In base 5, what is -1 + 4234300?
4234244
In base 5, what is -2022142 + 21?
-2022121
In base 8, what is -2503566 + -3?
-2503571
In base 16, what is 2 - -9c25c?
9c25e
In base 13, what is -2a + 6a4?
677
In base 13, what is -2 - -9240?
923b
In base 5, what is -1 - 202013?
-202014
In base 12, what is 8245 + -60?
81a5
In base 16, what is 79 - bc?
-43
In base 12, what is 2 + -1453b?
-14539
In base 12, what is -1a518 - -83?
-1a455
In base 12, what is -a90 - -68?
-a24
In base 16, what is -2adb - 1?
-2adc
In base 16, what is 304d7 - -5?
304dc
In base 11, what is a9a1 + -2?
a99a
In base 2, what is -11111 + 1110000100000?
1110000000001
In base 9, what is 2 + -16516?
-16514
In base 14, what is 718a - 1d?
716b
In base 9, what is 1117 - 788?
218
In base 3, what is -2011 + -11201011011?
-11201020022
In base 12, what is -15 - 735?
-74a
In base 12, what is 8 - 890b5?
-890a9
In base 14, what is 65a - -24?
680
In base 8, what is -27 + -1473?
-1522
In base 4, what is -1001 + -21213330?
-21220331
In base 9, what is 636 - 7710?
-7063
In base 16, what is -3f83 + 0?
-3f83
In base 14, what is -3 + -8598?
-859b
In base 12, what is 233 - 163?
90
In base 4, what is 10 + -32130100?
-32130030
In base 2, what is 101010001101 - 101001?
101001100100
In base 11, what is 80837 - 1?
80836
In base 14, what is -9 + -3338?
-3343
In base 14, what is -15 + -372?
-387
In base 2, what is -11 - -11011000110001011010?
11011000110001010111
In base 14, what is 37 - 149?
-112
In base 9, what is 46463 + -1?
46462
In base 9, what is -183788 + -23?
-183822
In base 14, what is 2498 - 1?
2497
In base 16, what is 2a - -d10?
d3a
In base 9, what is -145223 + 3?
-1